{"id":2849,"date":"2021-08-14T15:44:52","date_gmt":"2021-08-14T15:44:52","guid":{"rendered":"https:\/\/bucknergt.org\/?page_id=2849"},"modified":"2021-08-31T19:43:23","modified_gmt":"2021-08-31T19:43:23","slug":"ayuda-humanitaria","status":"publish","type":"page","link":"https:\/\/bucknergt.org\/index.php\/ayuda-humanitaria\/","title":{"rendered":"Ayuda humanitaria"},"content":{"rendered":"<section class=\"fw-main-row-custom fw-main-row-top  auto  fw-section-position-back tf-sh-a76c0bb1d36aec68110ceb2aa2619a19\" style=\"background-color:#f1f7ff\">\n<div class=\"fw-container\" style=\"background-color:#f1f7ff\">\n<div class=\"fw-row\">\n<div id=\"column-612e865b1750b\" class=\"fw-col-sm-12 tf-sh-f86bb08ad77956b2bb1eea7b6322abd0\">\n<div class=\"fw-wrap-col-inner clearfix  \">\n<div class=\"fw-col-inner\">\n<div class=\"fw-heading fw-heading-left  tf-sh-5bf69c1499d4d84951054e488b98810f\">\n<h1 class=\"fw-special-title\">Centro de ayuda humanitaria<\/h1>\n<\/p><\/div><\/div><\/div>\n<\/div>\n<\/div><\/div>\n<\/section>\n<section class=\"fw-main-row-custom  auto  fw-section-position-back tf-sh-b8757f9cba7a9a30131d5bec80af8e48\">\n<div class=\"fw-container\">\n<div class=\"fw-row\">\n<div id=\"column-612e865b1859c\" class=\"fw-col-sm-12 tf-sh-c02252243e27c56f62f9fdbf8c95adec\">\n<div class=\"fw-wrap-col-inner clearfix  \">\n<div class=\"fw-col-inner\">\n<div class=\"fw-heading fw-heading-center  fw-heading-with-subtitle tf-sh-07f06a9e0b67b225afa5c189eed5ec7d\">\n<h2 class=\"fw-special-title\">\u00a1Ayuda humanitaria en Buckner!<\/h2>\n<div class=\"fw-special-subtitle\">Gracias a ti, aqu\u00ed brilla la esperanza.<\/div><\/div>\n<div class=\"fw-divider-space space-sm  clearfix\"><\/div>\n<div class=\"fw-text-box tf-sh-d0bf6f1c3acfef47ebb1b1c2e87b7f40 \">\n<div class=\"fw-text-inner\">\n<p style=\"text-align: center\"><em><strong>Al ser voluntario en Buckner en el centro de ayuda humanitaria Guatemala, tus habilidades \u00fanicas nos ayudaran a realizar inventarios y organizar donaciones para que sea posible la distribuci\u00f3n de estas para los ni\u00f1os, ni\u00f1as y familias vulnerables a qui\u00e9nes servimos.<\/strong><\/em><br \/><em><strong>\u00danete al movimiento que ha transformado vidas desde 1879.<\/strong><\/em><\/p>\n<\/p><\/div>\n<\/div>\n<div class=\"fw-divider-space space-md  clearfix\"><\/div>\n<div class=\"fw-text-box tf-sh-b254fc4602ceb65056526daaca46b95a \">\n<div class=\"fw-text-inner\">\n<p><strong>\u00bfSab\u00edas que puedes cambiar la vida de un ni\u00f1o o familia en un d\u00eda, una ma\u00f1ana o una tarde?<\/strong><\/p>\n<p>Esto lo puedes hacer, al ordenar y empacar art\u00edculos donados que ayudar\u00e1n a los ni\u00f1as, ni\u00f1as y familias vulnerables en Guatemala.<\/p>\n<p>Necesitamos voluntarios todo el a\u00f1o en nuestro centro de distribuci\u00f3n en Guatemala. Los voluntarios ayudan a procesar, clasificar y empacar zapatos, kits de higiene, \u00fatiles escolares, ropa, entre otros.<\/p>\n<p>Durante a\u00f1os en Guatemala, hemos podido servir a trav\u00e9s de nuestro centro de ayuda humanitaria en desastres naturales como lo del volc\u00e1n de Pacaya, tormentas, la m\u00e1s reciente por la pandemia del COVID, donando toneladas de alimentos, frazadas, kits de higienes, mochilas, entre otros a Gobierno Central, entidades como SESAN, SBS, SOSEP, municipalidades, organizaciones privadas, iglesias y empresas.<\/p>\n<p>Nota: Buckner Guatemala, entrega exclusivamente ayuda humanitaria a entidades, debidamente respaldadas con personer\u00eda jur\u00eddica y que puedan rendir cuentas sobre la donaci\u00f3n presentando un plan de distribuci\u00f3n, as\u00ed como, reportes de impacto con fotograf\u00edas, dicha entrega est\u00e1 sujeta a disponibilidad.<\/p>\n<p style=\"text-align: left\">Cualquier persona con voluntad de servir puede ayudar.<\/p>\n<p>&nbsp;<\/p>\n<p style=\"text-align: center\"><strong>\u00a1Es la actividad perfecta para tu iglesia, empresa o de forma individual!<\/strong><\/p>\n<\/p><\/div>\n<\/div><\/div><\/div>\n<\/div>\n<\/div><\/div>\n<\/section>\n<section class=\"fw-main-row-custom  auto  fw-section-position-back tf-sh-140bc50a64d858e53466ef042e4eef7b\">\n<div class=\"fw-container\">\n<div class=\"fw-row\">\n<div id=\"column-612e865b19e4f\" class=\"fw-col-sm-12 tf-sh-81f48ecd2f8d532716c679b3294a9019\">\n<div class=\"fw-wrap-col-inner clearfix  \">\n<div class=\"fw-col-inner\">\n<div class=\"fw-divider tf-sh-e66c92d9fa10e6682f429b2ffe127ff6  fw-divider-align-center fw-divider-full-width fw-line-dotted fw-divider-line space-sm  fw_theme_border_only_fw-custom\" style=\"width: auto\"><\/div>\n<div class=\"fw-divider-space space-sm  clearfix\"><\/div>\n<div class=\"fw-heading fw-heading-center  fw-heading-with-subtitle tf-sh-0b2993f5bc2683a8e13e736affbaaa03\">\n<h3 class=\"fw-special-title\">Fundaci\u00f3n Azteca Guatemala, proyecto de nutrici\u00f3n<\/h3>\n<div class=\"fw-special-subtitle\">\u201cUn Milagro por Guate\u201d.<\/div><\/div>\n<div class=\"fw-divider-space space-sm  clearfix\"><\/div><\/div><\/div>\n<\/div>\n<\/div>\n<div class=\"fw-row\">\n<div id=\"column-612e865b1a9b9\" class=\"fw-col-sm-6 tf-sh-863e2575fb8cadc195175d56120005c6\">\n<div class=\"fw-wrap-col-inner clearfix  \">\n<div class=\"fw-col-inner\">\n<div class=\"fw-slider hide-elements tf-sh-ae2b7420ca71ce69ab76dd98fe95d584 \">\n<div class=\"fw-slider-container clearfix\" id=\"slider-ae2b7420ca71ce69ab76dd98fe95d584\" data-play=\"true\" data-timeoutDuration=\"5000\" data-pause=\"false\" data-animation=\"none\" data-duration=\"300\">\n<div class=\"fw-ratio-container fw-ratio-16-9\">\n<div class=\"fw-slider-item\">\n\t\t\t\t\t\t\t<img decoding=\"async\" src=\"https:\/\/bucknergt.org\/wp-content\/uploads\/2021\/08\/azte_ac_7.jpg\" alt=\"azte_ac_7\" data-maxdpr=\"1.7\" class=\"attachment-post-thumbnail lazyload\" \/>\t\t\t\t\t\t\t\t\t\t\t\t\t<\/div><\/div>\n<div class=\"fw-ratio-container fw-ratio-16-9\">\n<div class=\"fw-slider-item\">\n\t\t\t\t\t\t\t<img decoding=\"async\" src=\"https:\/\/bucknergt.org\/wp-content\/uploads\/2021\/08\/azte_ac_6.jpg\" alt=\"azte_ac_6\" data-maxdpr=\"1.7\" class=\"attachment-post-thumbnail lazyload\" \/>\t\t\t\t\t\t\t\t\t\t\t\t\t<\/div><\/div>\n<div class=\"fw-ratio-container fw-ratio-16-9\">\n<div class=\"fw-slider-item\">\n\t\t\t\t\t\t\t<img decoding=\"async\" src=\"https:\/\/bucknergt.org\/wp-content\/uploads\/2021\/08\/azte_ac_5.jpg\" alt=\"azte_ac_5\" data-maxdpr=\"1.7\" class=\"attachment-post-thumbnail lazyload\" \/>\t\t\t\t\t\t\t\t\t\t\t\t\t<\/div><\/div>\n<div class=\"fw-ratio-container fw-ratio-16-9\">\n<div class=\"fw-slider-item\">\n\t\t\t\t\t\t\t<img decoding=\"async\" src=\"https:\/\/bucknergt.org\/wp-content\/uploads\/2021\/08\/azte_ac_4.jpg\" alt=\"azte_ac_4\" data-maxdpr=\"1.7\" class=\"attachment-post-thumbnail lazyload\" \/>\t\t\t\t\t\t\t\t\t\t\t\t\t<\/div><\/div>\n<div class=\"fw-ratio-container fw-ratio-16-9\">\n<div class=\"fw-slider-item\">\n\t\t\t\t\t\t\t<img decoding=\"async\" src=\"https:\/\/bucknergt.org\/wp-content\/uploads\/2021\/08\/azte_ac_3.jpg\" alt=\"azte_ac_3\" data-maxdpr=\"1.7\" class=\"attachment-post-thumbnail lazyload\" \/>\t\t\t\t\t\t\t\t\t\t\t\t\t<\/div><\/div>\n<div class=\"fw-ratio-container fw-ratio-16-9\">\n<div class=\"fw-slider-item\">\n\t\t\t\t\t\t\t<img decoding=\"async\" src=\"https:\/\/bucknergt.org\/wp-content\/uploads\/2021\/08\/azte_ac_2.jpg\" alt=\"azte_ac_2\" data-maxdpr=\"1.7\" class=\"attachment-post-thumbnail lazyload\" \/>\t\t\t\t\t\t\t\t\t\t\t\t\t<\/div><\/div>\n<div class=\"fw-ratio-container fw-ratio-16-9\">\n<div class=\"fw-slider-item\">\n\t\t\t\t\t\t\t<img decoding=\"async\" src=\"https:\/\/bucknergt.org\/wp-content\/uploads\/2021\/08\/azte_ac_1.jpg\" alt=\"azte_ac_1\" data-maxdpr=\"1.7\" class=\"attachment-post-thumbnail lazyload\" \/>\t\t\t\t\t\t\t\t\t\t\t\t\t<\/div><\/div><\/div>\n<p>\t\t<a class=\"fw-slider-prev\" href=\"#\"><span><\/span><\/a><br \/>\n\t\t<a class=\"fw-slider-next\" href=\"#\"><span><\/span><\/a><\/p>\n<div class=\"fw-slider-pagination\"><\/div><\/div><\/div><\/div>\n<\/div>\n<div id=\"column-612e865b1d9a9\" class=\"fw-col-sm-6 tf-sh-0aef01df072a8ee4aad806191aab2a2d\">\n<div class=\"fw-wrap-col-inner clearfix  \">\n<div class=\"fw-col-inner\">\n<div class=\"fw-text-box tf-sh-cb45ec1a679e76226fc98c7b8666995c \">\n<div class=\"fw-text-inner\">\n<p>En Buckner hemos generado alianzas, para llegar a los m\u00e1s vulnerables por medio de manos amigas, uniendo esfuerzos, en pro de la ni\u00f1ez y las familias, es as\u00ed como nace una de nuestras alianzas con:<\/p>\n<p><strong>Fundaci\u00f3n Azteca Guatemala y Asociaci\u00f3n Buckner Guatemala firman alianza<\/strong><\/p>\n<p>Por medio de un convenio de Cooperaci\u00f3n Institucional para trabajar el proyecto de nutrici\u00f3n<br \/>\u201cUn Milagro por Guate\u201d en 4 \u00e1reas del pa\u00eds y beneficiar a 3,600 familias.<\/p>\n<p>El proyecto se desarroll\u00f3 de la Mano de las Municipalidades\u00a0tal como la Municipalidad de Puerto Barrios, Municipalidad de Morales, Municipalidad de Retalhuleu y Secretar\u00eda de Seguridad Alimentaria y Nutricional \u2014SESAN\u2014 .<\/p>\n<p>Fundaci\u00f3n Azteca, te invitamos a que tu empresa se una con nosotros haciendo responsabilidad social empresarial, por medio de alianzas o actividades diversas, haciendo un plan espec\u00edfico para tu empresa.<\/p>\n<\/p><\/div>\n<\/div>\n<div class=\"fw-divider-space space-md  clearfix\"><\/div><\/div><\/div>\n<\/div>\n<\/div><\/div>\n<\/section>\n<section class=\"fw-main-row-custom  auto  fw-section-position-back tf-sh-2db203c136e9aeaae767b52fcf4f4fda\">\n<div class=\"fw-container\">\n<div class=\"fw-row\">\n<div id=\"column-612e865b1eb08\" class=\"fw-col-sm-12 tf-sh-46233fede7f4917fff0de41289369eea\">\n<div class=\"fw-wrap-col-inner clearfix  \">\n<div class=\"fw-col-inner\">\n<div class=\"fw-divider tf-sh-6ea713e2f86e70be13b157bd98406954  fw-divider-align-center fw-divider-full-width fw-line-dotted fw-divider-line space-sm  fw_theme_border_only_fw-custom\" style=\"width: auto\"><\/div>\n<div class=\"fw-divider-space space-sm  clearfix\"><\/div>\n<div class=\"fw-heading fw-heading-center  tf-sh-a3fb3628967a4a561f5bda93025dea19\">\n<h3 class=\"fw-special-title\">Selecci\u00f3n de Sub 21 de Pinula, entrega del material para instalar kits.<\/h3>\n<\/p><\/div>\n<div class=\"fw-divider-space space-sm  clearfix\"><\/div><\/div><\/div>\n<\/div>\n<\/div>\n<div class=\"fw-row\">\n<div id=\"column-612e865b1f8f7\" class=\"fw-col-sm-6 tf-sh-bbf1fc9f8498ae16e2507fedf6184622\">\n<div class=\"fw-wrap-col-inner clearfix  \">\n<div class=\"fw-col-inner\">\n<div class=\"fw-slider hide-elements tf-sh-81f3c0d7c079fb48e1eb04310df4aecc \">\n<div class=\"fw-slider-container clearfix\" id=\"slider-81f3c0d7c079fb48e1eb04310df4aecc\" data-play=\"true\" data-timeoutDuration=\"5000\" data-pause=\"false\" data-animation=\"none\" data-duration=\"300\">\n<div class=\"fw-ratio-container fw-ratio-16-9\">\n<div class=\"fw-slider-item\">\n\t\t\t\t\t\t\t<img decoding=\"async\" src=\"https:\/\/bucknergt.org\/wp-content\/uploads\/2021\/08\/sub_ac_1.jpg\" alt=\"sub_ac_1\" data-maxdpr=\"1.7\" class=\"attachment-post-thumbnail lazyload\" \/>\t\t\t\t\t\t\t\t\t\t\t\t\t<\/div><\/div>\n<div class=\"fw-ratio-container fw-ratio-16-9\">\n<div class=\"fw-slider-item\">\n\t\t\t\t\t\t\t<img decoding=\"async\" src=\"https:\/\/bucknergt.org\/wp-content\/uploads\/2021\/08\/sub_ac_2.jpg\" alt=\"sub_ac_2\" data-maxdpr=\"1.7\" class=\"attachment-post-thumbnail lazyload\" \/>\t\t\t\t\t\t\t\t\t\t\t\t\t<\/div><\/div>\n<div class=\"fw-ratio-container fw-ratio-16-9\">\n<div class=\"fw-slider-item\">\n\t\t\t\t\t\t\t<img decoding=\"async\" src=\"https:\/\/bucknergt.org\/wp-content\/uploads\/2021\/08\/sub_ac_3.jpg\" alt=\"sub_ac_3\" data-maxdpr=\"1.7\" class=\"attachment-post-thumbnail lazyload\" \/>\t\t\t\t\t\t\t\t\t\t\t\t\t<\/div><\/div>\n<div class=\"fw-ratio-container fw-ratio-16-9\">\n<div class=\"fw-slider-item\">\n\t\t\t\t\t\t\t<img decoding=\"async\" src=\"https:\/\/bucknergt.org\/wp-content\/uploads\/2021\/08\/sub_ac_5.jpg\" alt=\"sub_ac_5\" data-maxdpr=\"1.7\" class=\"attachment-post-thumbnail lazyload\" \/>\t\t\t\t\t\t\t\t\t\t\t\t\t<\/div><\/div>\n<div class=\"fw-ratio-container fw-ratio-16-9\">\n<div class=\"fw-slider-item\">\n\t\t\t\t\t\t\t<img decoding=\"async\" src=\"https:\/\/bucknergt.org\/wp-content\/uploads\/2021\/08\/sub_ac_6.jpg\" alt=\"sub_ac_6\" data-maxdpr=\"1.7\" class=\"attachment-post-thumbnail lazyload\" \/>\t\t\t\t\t\t\t\t\t\t\t\t\t<\/div><\/div>\n<div class=\"fw-ratio-container fw-ratio-16-9\">\n<div class=\"fw-slider-item\">\n\t\t\t\t\t\t\t<img decoding=\"async\" src=\"https:\/\/bucknergt.org\/wp-content\/uploads\/2021\/08\/sub_ac_7.jpg\" alt=\"sub_ac_7\" data-maxdpr=\"1.7\" class=\"attachment-post-thumbnail lazyload\" \/>\t\t\t\t\t\t\t\t\t\t\t\t\t<\/div><\/div>\n<div class=\"fw-ratio-container fw-ratio-16-9\">\n<div class=\"fw-slider-item\">\n\t\t\t\t\t\t\t<img decoding=\"async\" src=\"https:\/\/bucknergt.org\/wp-content\/uploads\/2021\/08\/sub_ac_8.jpg\" alt=\"sub_ac_8\" data-maxdpr=\"1.7\" class=\"attachment-post-thumbnail lazyload\" \/>\t\t\t\t\t\t\t\t\t\t\t\t\t<\/div><\/div><\/div>\n<p>\t\t<a class=\"fw-slider-prev\" href=\"#\"><span><\/span><\/a><br \/>\n\t\t<a class=\"fw-slider-next\" href=\"#\"><span><\/span><\/a><\/p>\n<div class=\"fw-slider-pagination\"><\/div><\/div><\/div><\/div>\n<\/div>\n<div id=\"column-612e865b22834\" class=\"fw-col-sm-6 tf-sh-469b8b52f33f449aacb888aa3fa4d477\">\n<div class=\"fw-wrap-col-inner clearfix  \">\n<div class=\"fw-col-inner\">\n<div class=\"fw-text-box tf-sh-b972f2b98dbce1bdebc6116cf5424b75 \">\n<div class=\"fw-text-inner\">\n<p>Gracias a la actividad organizada junto con los integrantes de la selecci\u00f3n Sub 21 de San Jos\u00e9 Pinula, se logr\u00f3 realizar la entrega del material para instalar los kits de hogares saludables, para la instalaci\u00f3n de estufas ahorradoras de le\u00f1a, paneles solares y filtros de agua, sin ellos no hubiera sido posible la entrega de ellos en las comunidades. de San Jos\u00e9 Pinula.<\/p>\n<p><strong>\u00a1Que esperas para apoyar a las ni\u00f1os, ni\u00f1as y familias vulnerables, \u00fanete a nosotros!<\/strong><\/p>\n<\/p><\/div>\n<\/div>\n<div class=\"fw-divider-space space-md  clearfix\"><\/div><\/div><\/div>\n<\/div>\n<\/div><\/div>\n<\/section>\n<section class=\"fw-main-row-custom  auto  fw-section-position-back tf-sh-44d3ce6adfb16aa096045926cb3c16a3\">\n<div class=\"fw-container\">\n<div class=\"fw-row\">\n<div id=\"column-612e865b235c5\" class=\"fw-col-sm-12 tf-sh-4203c43215d71aaf11a645ac90ee0617\">\n<div class=\"fw-wrap-col-inner clearfix  \">\n<div class=\"fw-col-inner\">\n<div class=\"fw-divider tf-sh-3a09a625f1e13565813b0e41158d8e0b  fw-divider-align-center fw-divider-full-width fw-line-dotted fw-divider-line space-sm  fw_theme_border_only_fw-custom\" style=\"width: auto\"><\/div>\n<div class=\"fw-divider-space space-sm  clearfix\"><\/div>\n<div class=\"fw-heading fw-heading-center  tf-sh-1cd583a199738dac9df5ebf86232419f\">\n<h3 class=\"fw-special-title\">TELUS Guatemala voluntariado en feria de la nutrici\u00f3n<\/h3>\n<\/p><\/div>\n<div class=\"fw-divider-space space-sm  clearfix\"><\/div><\/div><\/div>\n<\/div>\n<\/div>\n<div class=\"fw-row\">\n<div id=\"column-612e865b242f2\" class=\"fw-col-sm-6 tf-sh-8a2db1640d280ccf4ba805c233f5e034\">\n<div class=\"fw-wrap-col-inner clearfix  \">\n<div class=\"fw-col-inner\">\n<div class=\"fw-slider hide-elements tf-sh-4df81b9f4b9b9cbf23ebc9073f319367 \">\n<div class=\"fw-slider-container clearfix\" id=\"slider-4df81b9f4b9b9cbf23ebc9073f319367\" data-play=\"true\" data-timeoutDuration=\"5000\" data-pause=\"false\" data-animation=\"none\" data-duration=\"300\">\n<div class=\"fw-ratio-container fw-ratio-16-9\">\n<div class=\"fw-slider-item\">\n\t\t\t\t\t\t\t<img decoding=\"async\" src=\"https:\/\/bucknergt.org\/wp-content\/uploads\/2021\/08\/telus_ac_1.jpg\" alt=\"telus_ac_1\" data-maxdpr=\"1.7\" class=\"attachment-post-thumbnail lazyload\" \/>\t\t\t\t\t\t\t\t\t\t\t\t\t<\/div><\/div>\n<div class=\"fw-ratio-container fw-ratio-16-9\">\n<div class=\"fw-slider-item\">\n\t\t\t\t\t\t\t<img decoding=\"async\" src=\"https:\/\/bucknergt.org\/wp-content\/uploads\/2021\/08\/telus_ac_2.jpg\" alt=\"telus_ac_2\" data-maxdpr=\"1.7\" class=\"attachment-post-thumbnail lazyload\" \/>\t\t\t\t\t\t\t\t\t\t\t\t\t<\/div><\/div>\n<div class=\"fw-ratio-container fw-ratio-16-9\">\n<div class=\"fw-slider-item\">\n\t\t\t\t\t\t\t<img decoding=\"async\" src=\"https:\/\/bucknergt.org\/wp-content\/uploads\/2021\/08\/telus_ac_3.jpg\" alt=\"telus_ac_3\" data-maxdpr=\"1.7\" class=\"attachment-post-thumbnail lazyload\" \/>\t\t\t\t\t\t\t\t\t\t\t\t\t<\/div><\/div>\n<div class=\"fw-ratio-container fw-ratio-16-9\">\n<div class=\"fw-slider-item\">\n\t\t\t\t\t\t\t<img decoding=\"async\" src=\"https:\/\/bucknergt.org\/wp-content\/uploads\/2021\/08\/telus_ac_4.jpg\" alt=\"telus_ac_4\" data-maxdpr=\"1.7\" class=\"attachment-post-thumbnail lazyload\" \/>\t\t\t\t\t\t\t\t\t\t\t\t\t<\/div><\/div>\n<div class=\"fw-ratio-container fw-ratio-16-9\">\n<div class=\"fw-slider-item\">\n\t\t\t\t\t\t\t<img decoding=\"async\" src=\"https:\/\/bucknergt.org\/wp-content\/uploads\/2021\/08\/telus_ac_5.jpg\" alt=\"telus_ac_5\" data-maxdpr=\"1.7\" class=\"attachment-post-thumbnail lazyload\" \/>\t\t\t\t\t\t\t\t\t\t\t\t\t<\/div><\/div><\/div>\n<p>\t\t<a class=\"fw-slider-prev\" href=\"#\"><span><\/span><\/a><br \/>\n\t\t<a class=\"fw-slider-next\" href=\"#\"><span><\/span><\/a><\/p>\n<div class=\"fw-slider-pagination\"><\/div><\/div><\/div><\/div>\n<\/div>\n<div id=\"column-612e865b2685b\" class=\"fw-col-sm-6 tf-sh-312bdedc40ed5746fc13b16905b99a22\">\n<div class=\"fw-wrap-col-inner clearfix  \">\n<div class=\"fw-col-inner\">\n<div class=\"fw-text-box tf-sh-53ce66c5976f4a182f6dc3543b84515d \">\n<div class=\"fw-text-inner\">\n<p>Telus, particip\u00f3 en varios voluntariados, en nuestras ferias de nutrici\u00f3n, con esto se contribuye a fortalecer a las familias en el \u00e1rea de nutricional, creando lazos con el Centro de Salud, Municipalidad y otros actores claves en el proceso de fortalecimiento de las familias.<\/p>\n<\/p><\/div>\n<\/div>\n<div class=\"fw-divider-space space-md  clearfix\"><\/div><\/div><\/div>\n<\/div>\n<\/div><\/div>\n<\/section>\n<section class=\"fw-main-row-custom  auto  fw-section-position-back tf-sh-bdb023ce621dad82a0ef74fa9e93656a\">\n<div class=\"fw-container\">\n<div class=\"fw-row\">\n<div id=\"column-612e865b27a25\" class=\"fw-col-sm-12 tf-sh-6b8fa281dad0a6929f34a4e365386f54\">\n<div class=\"fw-wrap-col-inner clearfix  \">\n<div class=\"fw-col-inner\">\n<div class=\"fw-divider tf-sh-5b0ecf1733ee240d473a17b00636489b  fw-divider-align-center fw-divider-full-width fw-line-dotted fw-divider-line space-sm  fw_theme_border_only_fw-custom\" style=\"width: auto\"><\/div>\n<div class=\"fw-divider-space space-sm  clearfix\"><\/div>\n<div class=\"fw-video tf-sh-fc33e3dcdd11ac91d51f22aa868679ac \">\n<div class=\"fw-wrap-boxed-media fw-wp-video-shortcode\">\n<div style=\"width: 640px\" class=\"wp-video\"><!--[if lt IE 9]&gt;&lt;![endif]--><br \/>\n<video class=\"wp-video-shortcode\" id=\"video-2849-1\" width=\"640\" height=\"360\" preload=\"metadata\" controls=\"controls\"><a href=\"https:\/\/bucknergt.org\/wp-content\/uploads\/2021\/08\/Buckner_zapatos.mp4\">https:\/\/bucknergt.org\/wp-content\/uploads\/2021\/08\/Buckner_zapatos.mp4<\/a><\/video><\/div>\n<\/div><\/div>\n<div class=\"fw-divider-space space-sm  clearfix\"><\/div><\/div><\/div>\n<\/div>\n<\/div><\/div>\n<\/section>\n<section class=\"fw-main-row-custom  auto  fw-section-position-back tf-sh-6c41c12cd9e97c18986e7632ffec5986\">\n<div class=\"fw-container\">\n<div class=\"fw-row\">\n<div id=\"column-612e865b29652\" class=\"fw-col-sm-12 tf-sh-4c0a75e6518886d636366cf00f7cd0d7\">\n<div class=\"fw-wrap-col-inner clearfix  \">\n<div class=\"fw-col-inner\">\n<div class=\"fw-divider tf-sh-ca0c89cd67cdfa73ad8e86f2306e2a6f  fw-divider-align-center fw-divider-full-width fw-line-dotted fw-divider-line space-sm  fw_theme_border_only_fw-custom\" style=\"width: auto\"><\/div>\n<div class=\"fw-divider-space space-sm  clearfix\"><\/div>\n<div class=\"fw-heading fw-heading-center  tf-sh-bebae8037ab863754f66b919d7a2b01d\">\n<h3 class=\"fw-special-title\">\u00a1Voluntariado Buckner!<\/h3>\n<\/p><\/div>\n<div class=\"fw-divider-space space-sm  clearfix\"><\/div>\n<div class=\"fw-contact-form tf-sh-e262eeee13e27004efdf2214ae550596 \" data-redirect-page=\"\">\n<div class=\"fw-row wrap-forms wrap-contact-forms\">\n<div class=\"fw-row\">\n<div class=\"header title\">\n<h2 class=\"fw-contact-form-title\">Formulario de inscripci\u00f3n <\/h2>\n<p>\t\t\t<span class=\"fw-contact-form-description\">Llena los datos<\/span>\n\t<\/div>\n<\/div>\n<div class=\"fw-row\">\n<div class=\"fw-col-xs-12 fw-col-sm-6 form-builder-item\">\n<div class=\"field-text\"><\/div>\n<\/div>\n<div class=\"fw-col-xs-12 fw-col-sm-6 form-builder-item\">\n<div class=\"field-text\"><\/div>\n<\/div>\n<\/div>\n<div class=\"fw-row\">\n<div class=\"fw-col-xs-12 fw-col-sm-6 form-builder-item\">\n<div class=\"field-text\"><\/div>\n<\/div>\n<div class=\"fw-col-xs-12 fw-col-sm-6 form-builder-item\">\n<div class=\"field-text\"><\/div>\n<\/div>\n<\/div>\n<div class=\"fw-row\">\n<div class=\"fw-col-xs-12 form-builder-item\">\n<div class=\"field-textarea\">\n\t\t\t\t<textarea name=\"textarea_c3479f4\" id=\"id-5\" class=\"required\"><\/textarea>\n\t\t\t<\/div>\n<\/div>\n<\/div>\n<div class=\"fw-row\"><\/div>\n<div class=\"fw-row\">\n<div class=\"fw-col-sm-12 field-submit text-left\">\n\t\t\t<button type=\"submit\" class=\"fw-btn  fw-btn-md fw-btn-1\"><br \/>\n\t\t\t\t<span><br \/>\n\t\t\t\t\t\t\t\t\t\t\tENVIAR\t\t\t\t\t\t\t\t\t<\/span><br \/>\n\t\t\t<\/button>\n\t\t<\/div><\/div><\/div>\n<\/div><\/div><\/div>\n<\/div>\n<\/div><\/div>\n<\/section>\n<section class=\"fw-main-row-custom  auto  fw-section-position-back tf-sh-2fc4516dc18a383d3f8c5b2e33d751c8\">\n<div class=\"fw-container\">\n<div class=\"fw-row\">\n<div id=\"column-612e865b2c7ce\" class=\"fw-col-sm-12 tf-sh-a60e572d08a4bc5125756ead00b72adc .titleMessage\">\n<div class=\"fw-wrap-col-inner clearfix  \">\n<div class=\"fw-col-inner\">\n<div class=\"fw-heading fw-heading-center  tf-sh-761b4a86f2881596cac0cd15c8f41326\">\n<h4 class=\"fw-special-title\">\u00a1Conoce m\u00e1s de nuestras historias edificantes y c\u00f3mo hacer brillar la esperanza en Guatemala y alrededor del mundo!<\/h4>\n<\/p><\/div><\/div><\/div>\n<\/div>\n<\/div>\n<div class=\"fw-row\">\n<div id=\"column-612e865b2ce0b\" class=\"fw-col-sm-12 tf-sh-4268453e9bf4259285159dc83a4bffcb\">\n<div class=\"fw-wrap-col-inner clearfix fw_theme_border_only_color_2 \" style=\"border-width: 1px;border-style: solid\">\n<div class=\"fw-col-inner\">\n<div class=\"fw-text-box tf-sh-b019e97b97f87272c1c7c2395a2d4215 \">\n<div class=\"fw-text-inner\">\n<p style=\"text-align: center\">Estamos muy contentos de compartir contigo las maneras en que se puede hacer brillar la esperanza en los ni\u00f1os, ni\u00f1as y familias vulnerables en Guatemala y alrededor del mundo. Te invitamos a que te mantengas en contacto con nosotros para que crezcamos juntos en la fe.<\/p>\n<p style=\"text-align: center\">Haz clic a continuaci\u00f3n para obtener las ultimas noticias, historias, actualizaciones e invitaciones a eventos exclusivos de Buckner.<\/p>\n<\/p><\/div>\n<\/div>\n<div class=\"fw-divider-space space-md  clearfix\"><\/div>\n<div class=\"fw-heading fw-heading-center  tf-sh-5b6e5e28ceb6daee32c0e81a39cdb7ec\">\n<h5 class=\"fw-special-title\">\u00a1No encontraras est\u00e1s historias y recursos en ning\u00fan otro lugar!<\/h5>\n<\/p><\/div>\n<div class=\"fw-divider-space space-sm  clearfix\"><\/div>\n<div class=\"text-center\">\t<a href=\"#\" target=\"_self\" class=\"fw-btn tf-sh-20e35f3f159597c08cbbedb55e589484  fw-btn-md  .btnSuscribir fw-btn-1\" rel=\"noopener noreferrer\"><br \/>\n\t\t<span><br \/>\n\t\t\tObtener actualizaciones aqu\u00ed\t\t<\/span><br \/>\n\t<\/a>\n<\/div><\/div><\/div>\n<\/div>\n<\/div><\/div>\n<\/section>\n<section class=\"fw-main-row  auto  fw-section-position-back\">\n<div class=\"fw-container\">\n<div class=\"fw-row\">\n<div id=\"column-612e865b2e01c\" class=\"fw-col-sm-12 tf-sh-7cd48743eff9c324b0d7d69adc5a7779\">\n<div class=\"fw-wrap-col-inner clearfix  \">\n<div class=\"fw-col-inner\">\n<div class=\"fw-divider-space space-md  clearfix\"><\/div><\/div><\/div>\n<\/div>\n<\/div><\/div>\n<\/section>\n<p><!-- 6208411f52fad647696dc3b0d2c4aa83 --><\/p>\n","protected":false},"excerpt":{"rendered":"<p>Centro de ayuda humanitaria \u00a1Ayuda humanitaria en Buckner! Gracias a ti, aqu\u00ed brilla la esperanza&#8230;.<\/p>\n","protected":false},"author":1,"featured_media":0,"parent":0,"menu_order":0,"comment_status":"closed","ping_status":"closed","template":"visual-builder-template.php","meta":{"footnotes":""},"class_list":["post-2849","page","type-page","status-publish","hentry"],"_links":{"self":[{"href":"https:\/\/bucknergt.org\/index.php\/wp-json\/wp\/v2\/pages\/2849","targetHints":{"allow":["GET"]}}],"collection":[{"href":"https:\/\/bucknergt.org\/index.php\/wp-json\/wp\/v2\/pages"}],"about":[{"href":"https:\/\/bucknergt.org\/index.php\/wp-json\/wp\/v2\/types\/page"}],"author":[{"embeddable":true,"href":"https:\/\/bucknergt.org\/index.php\/wp-json\/wp\/v2\/users\/1"}],"replies":[{"embeddable":true,"href":"https:\/\/bucknergt.org\/index.php\/wp-json\/wp\/v2\/comments?post=2849"}],"version-history":[{"count":17,"href":"https:\/\/bucknergt.org\/index.php\/wp-json\/wp\/v2\/pages\/2849\/revisions"}],"predecessor-version":[{"id":2854,"href":"https:\/\/bucknergt.org\/index.php\/wp-json\/wp\/v2\/pages\/2849\/revisions\/2854"}],"wp:attachment":[{"href":"https:\/\/bucknergt.org\/index.php\/wp-json\/wp\/v2\/media?parent=2849"}],"curies":[{"name":"wp","href":"https:\/\/api.w.org\/{rel}","templated":true}]}}