{"id":2357,"date":"2021-07-29T21:40:19","date_gmt":"2021-07-29T21:40:19","guid":{"rendered":"https:\/\/bucknergt.org\/?page_id=2357"},"modified":"2023-08-16T00:04:01","modified_gmt":"2023-08-16T00:04:01","slug":"responsabilidad-social-empresarial","status":"publish","type":"page","link":"https:\/\/bucknergt.org\/index.php\/responsabilidad-social-empresarial\/","title":{"rendered":"Responsabilidad social empresarial"},"content":{"rendered":"<div class=\"wpb-content-wrapper\"><p>[vc_row full_width=&#8221;stretch_row&#8221; css=&#8221;.vc_custom_1691699444105{padding-top: 5% !important;padding-bottom: 5% !important;background-color: #eef3fa !important;}&#8221;][vc_column][vc_custom_heading text=&#8221;Responsabilidad Social Empresarial&#8221; font_container=&#8221;tag:h2|text_align:center&#8221; use_theme_fonts=&#8221;yes&#8221;][\/vc_column][\/vc_row][vc_row][vc_column][vc_column_text]Si eres una empresa, quieres servir y a\u00f1adir valor a Guatemala, puedes unirte a nuestros dos programas o hacer una alianza con nosotros y as\u00ed, trabajar de la mano, para alcanzar tus objetivos de responsabilidad social empresarial. Puedes unirte con tus colaboradores en una actividad de voluntariado o te planificamos una especialmente para tu empresa. Nos encantar\u00eda ayudar a mostrar, c\u00f3mo tu empresa se preocupa por hacer, una verdadera diferencia.<\/p>\n<p>Hemos trabajado con varias empresas, generando alianzas para transformar juntos Guatemala. Escr\u00edbenos y juntos podemos personalizar algo para tu empresa.[\/vc_column_text][vc_single_image image=&#8221;2425&#8243; img_size=&#8221;large&#8221; alignment=&#8221;center&#8221;][vc_column_text]Servimos a ni\u00f1os y familias vulnerables, podr\u00edas colaborar con Buckner Guatemala, para tener un mayor impacto.[\/vc_column_text][vc_empty_space][vc_separator color=&#8221;custom&#8221; style=&#8221;dotted&#8221; border_width=&#8221;2&#8243; accent_color=&#8221;#00337f&#8221;][\/vc_column][\/vc_row][vc_row][vc_column][vc_custom_heading text=&#8221;\u00bfC\u00f3mo se pueden involucrar?&#8221; font_container=&#8221;tag:h2|text_align:center&#8221; use_theme_fonts=&#8221;yes&#8221;][vc_column_text]Buckner Guatemala conecta tus habilidades y talentos \u00fanicos, mostrando as\u00ed, un giro a tu negocio en responsabilidad social empresarial, a trav\u00e9s de nuestros programas, para beneficiar a los ni\u00f1os y a las familias que servimos.<\/p>\n<p>Sumado a esto, implementar actividades de voluntariado, se traduce en contribuciones y mejoramiento en los \u00edndices de satisfacci\u00f3n y motivaci\u00f3n de tus trabajadores, repercutiendo de forma positiva, en los resultados de tu negocio.<\/p>\n<p>A continuaci\u00f3n te compartimos las opciones de c\u00f3mo tu empresa puede involucrarse y hacer la diferencia con Buckner Guatemala, recuerda que tambi\u00e9n, podemos realizar alguna actividad a tu medida y as\u00ed, juntos hacer brillar la esperanza.[\/vc_column_text][vc_empty_space][vc_column_text]Nota:<br \/>\nPor motivo de la pandemia Covid-19 estamos en receso de algunas actividades presenciales de voluntariado, tomando las medidas de distanciamiento social correspondientes.[\/vc_column_text][vc_empty_space][\/vc_column][\/vc_row][vc_row][vc_column][vc_custom_heading text=&#8221;Voluntariado en San Jos\u00e9 Pinula&#8221; font_container=&#8221;tag:h4|text_align:center&#8221; use_theme_fonts=&#8221;yes&#8221;][vc_column_text]<strong>Actividades:<\/strong><\/p>\n<ul>\n<li>Colecta de zapatos nuevos.<\/li>\n<li>Colecta de v\u00edveres.<\/li>\n<li>Colecta de mochilas y \u00fatiles escolares nuevos.<\/li>\n<\/ul>\n<p><strong>Charlas para familias por medio de zoom:<\/strong><\/p>\n<ul>\n<li>Comunicaci\u00f3n asertiva.<\/li>\n<li>Paternidad y maternidad responsable (obligaciones de los padres hacia los hijos como: manutenci\u00f3n, acuerdos etc.).<\/li>\n<li>Estrategias para la armon\u00eda conyugal.<\/li>\n<li>\u00bfC\u00f3mo fortalecer la uni\u00f3n familiar?<\/li>\n<li>Resoluci\u00f3n de conflictos de pareja.<\/li>\n<\/ul>\n<p><strong>Salud emocional:<\/strong><\/p>\n<ul>\n<li>Talleres sobre estr\u00e9s, ansiedad, resiliencia y manejo de emociones.<\/li>\n<\/ul>\n<p><strong>Otros:<\/strong><\/p>\n<ul>\n<li>Herramientas que ayuden a las mam\u00e1s como guiar la ense\u00f1anza de sus hijos en casa que est\u00e1n en la etapa de aprender a leer y escribir.<\/li>\n<li>\u00bfC\u00f3mo apoyar a mi hijo para mejorar su rendimiento escolar?<\/li>\n<li>Apoyo en entregas de donaciones en los hogares de nuestras familias en asesor\u00eda.<\/li>\n<li>\u00bfC\u00f3mo hacer una hoja de vida? \u00bfC\u00f3mo presentarse a una entrevista de trabajo?<\/li>\n<li>Charlas sobre: \u00bfC\u00f3mo generar negocios con mis habilidades?<\/li>\n<\/ul>\n<p>[\/vc_column_text][vc_empty_space][\/vc_column][\/vc_row][vc_row][vc_column][vc_custom_heading text=&#8221;Voluntariado en Jocotenango&#8221; font_container=&#8221;tag:h4|text_align:center&#8221; use_theme_fonts=&#8221;yes&#8221;][vc_column_text]<strong>Actividades:<\/strong><\/p>\n<ul>\n<li>Colecta de zapatos nuevos.<\/li>\n<li>Colecta de v\u00edveres.<\/li>\n<li>Colecta de mochilas y \u00fatiles escolares nuevos.<\/li>\n<\/ul>\n<p><strong>Charlas para familias por medio de zoom:<\/strong><\/p>\n<ul>\n<li>Comunicaci\u00f3n asertiva.<\/li>\n<li>Paternidad y maternidad responsable (obligaciones de los padres hacia los hijos como: manutenci\u00f3n, acuerdos etc.).<\/li>\n<li>Estrategias para la armon\u00eda conyugal.<\/li>\n<li>\u00bfC\u00f3mo fortalecer la uni\u00f3n familiar?<\/li>\n<li>Resoluci\u00f3n de conflictos de pareja.<\/li>\n<\/ul>\n<p><strong>Salud emocional:<\/strong><\/p>\n<ul>\n<li>Talleres sobre estr\u00e9s, ansiedad, resiliencia y manejo de emociones.<\/li>\n<\/ul>\n<p><strong>Otros:<\/strong><\/p>\n<ul>\n<li>Herramientas que ayuden a las mam\u00e1s como guiar la ense\u00f1anza de sus hijos en casa que est\u00e1n en la etapa de aprender a leer y escribir.<\/li>\n<li>\u00bfC\u00f3mo apoyar a mi hijo para mejorar su rendimiento escolar?<\/li>\n<li>Apoyo en entregas de donaciones en los hogares de nuestras familias en asesor\u00eda.<\/li>\n<li>\u00bfC\u00f3mo hacer una hoja de vida? \u00bfC\u00f3mo presentarse a una entrevista de trabajo?<\/li>\n<li>Charlas sobre: \u00bfC\u00f3mo generar negocios con mis habilidades?<\/li>\n<\/ul>\n<p>[\/vc_column_text][vc_empty_space][\/vc_column][\/vc_row][vc_row][vc_column][vc_custom_heading text=&#8221;Voluntariado en centro de ayuda humanitaria&#8221; font_container=&#8221;tag:h4|text_align:center&#8221; use_theme_fonts=&#8221;yes&#8221;][vc_column_text]<strong>Clasificar, empacar y distribuir:<\/strong><\/p>\n<ul>\n<li>Alimento<\/li>\n<li>Zapatos<\/li>\n<li>Kit de higiene<\/li>\n<li>Mochilas y \u00fatiles escolares.<\/li>\n<li>Ropa, entre otros.<\/li>\n<\/ul>\n<p><strong>Nota:<\/strong> Buckner Guatemala, entrega exclusivamente ayuda humanitaria a entidades, debidamente respaldadas con personer\u00eda jur\u00eddica y que puedan rendir cuentas sobre la donaci\u00f3n, presentando un plan de distribuci\u00f3n, as\u00ed como, reportes de impacto con fotograf\u00edas, dicha entrega est\u00e1 sujeta a disponibilidad.[\/vc_column_text][vc_empty_space][\/vc_column][\/vc_row][vc_row][vc_column][vc_custom_heading text=&#8221;Conoce c\u00f3mo est\u00e1s incre\u00edbles empresas, colaboran con Buckner Guatemala, para impactar en un cambio positivo en las familias y hacerlas m\u00e1s fuertes&#8221; font_container=&#8221;tag:h2|text_align:center&#8221; use_theme_fonts=&#8221;yes&#8221;][vc_empty_space][vc_row_inner][vc_column_inner width=&#8221;1\/2&#8243;][vc_single_image image=&#8221;3949&#8243; img_size=&#8221;full&#8221;][vc_column_text]<\/p>\n<h3 style=\"text-align: center;\">Kellogg\u2019s \u00ae a trav\u00e9s del programa social integral \u201cMejores D\u00edas para Poder Crecer Juntos\u201d.<\/h3>\n<p>[\/vc_column_text][\/vc_column_inner][vc_column_inner width=&#8221;1\/2&#8243;][vc_single_image image=&#8221;2746&#8243; img_size=&#8221;full&#8221;][vc_column_text]<\/p>\n<h3 style=\"text-align: center;\">Fundaci\u00f3n Azteca Guatemala<\/h3>\n<p>[\/vc_column_text][\/vc_column_inner][\/vc_row_inner][vc_row_inner][vc_column_inner width=&#8221;1\/2&#8243;][vc_single_image image=&#8221;2615&#8243; img_size=&#8221;full&#8221;][vc_column_text]<\/p>\n<h3 style=\"text-align: center;\">Hotel Intercontinental<\/h3>\n<p>[\/vc_column_text][\/vc_column_inner][vc_column_inner width=&#8221;1\/2&#8243;][vc_single_image image=&#8221;2600&#8243; img_size=&#8221;full&#8221;][vc_column_text]<\/p>\n<h3 style=\"text-align: center;\">Selecci\u00f3n de Sub 21 de Pinula<\/h3>\n<p>[\/vc_column_text][\/vc_column_inner][\/vc_row_inner][\/vc_column][\/vc_row][vc_row][vc_column][vc_separator][vc_custom_heading text=&#8221;\u00a1Conoce m\u00e1s de nuestras historias edificantes y c\u00f3mo hacer brillar la esperanza en Guatemala y alrededor del mundo!&#8221; font_container=&#8221;tag:h4|text_align:center&#8221; use_theme_fonts=&#8221;yes&#8221;][vc_empty_space height=&#8221;30px&#8221;][vc_row_inner css=&#8221;.vc_custom_1691644005185{padding-top: 5% !important;padding-right: 5% !important;padding-bottom: 5% !important;padding-left: 5% !important;background-color: #f1f7ff !important;}&#8221;][vc_column_inner][vc_column_text]<\/p>\n<p style=\"text-align: center;\">Estamos muy contentos de compartir contigo las maneras en que se puede hacer brillar la esperanza en ni\u00f1os y familias en Guatemala y alrededor del mundo. Te invitamos a que te mantengas en contacto con nosotros, para que crezcamos juntos en la fe.<\/p>\n<p style=\"text-align: center;\">Haz clic a continuaci\u00f3n, para obtener las \u00faltimas noticias, historias, actualizaciones e invitaciones a eventos exclusivos de Buckner.<\/p>\n<p>[\/vc_column_text][vc_custom_heading text=&#8221;\u00a1No encontrar\u00e1s estas historias y recursos en ning\u00fan otro lugar!&#8221; font_container=&#8221;tag:h5|text_align:center&#8221; use_theme_fonts=&#8221;yes&#8221;][vc_empty_space][vc_btn title=&#8221;Obtener actualizaciones aqu\u00ed&#8221; color=&#8221;warning&#8221; align=&#8221;center&#8221;][\/vc_column_inner][\/vc_row_inner][\/vc_column][\/vc_row]<\/p>\n<\/div>","protected":false},"excerpt":{"rendered":"<p>[vc_row full_width=&#8221;stretch_row&#8221; css=&#8221;.vc_custom_1691699444105{padding-top: 5% !important;padding-bottom: 5% !important;background-color: #eef3fa !important;}&#8221;][vc_column][vc_custom_heading text=&#8221;Responsabilidad Social Empresarial&#8221; font_container=&#8221;tag:h2|text_align:center&#8221; use_theme_fonts=&#8221;yes&#8221;][\/vc_column][\/vc_row][vc_row][vc_column][vc_column_text]Si eres&#8230;<\/p>\n","protected":false},"author":1,"featured_media":0,"parent":0,"menu_order":0,"comment_status":"closed","ping_status":"closed","template":"","meta":{"footnotes":""},"class_list":["post-2357","page","type-page","status-publish","hentry"],"_links":{"self":[{"href":"https:\/\/bucknergt.org\/index.php\/wp-json\/wp\/v2\/pages\/2357","targetHints":{"allow":["GET"]}}],"collection":[{"href":"https:\/\/bucknergt.org\/index.php\/wp-json\/wp\/v2\/pages"}],"about":[{"href":"https:\/\/bucknergt.org\/index.php\/wp-json\/wp\/v2\/types\/page"}],"author":[{"embeddable":true,"href":"https:\/\/bucknergt.org\/index.php\/wp-json\/wp\/v2\/users\/1"}],"replies":[{"embeddable":true,"href":"https:\/\/bucknergt.org\/index.php\/wp-json\/wp\/v2\/comments?post=2357"}],"version-history":[{"count":60,"href":"https:\/\/bucknergt.org\/index.php\/wp-json\/wp\/v2\/pages\/2357\/revisions"}],"predecessor-version":[{"id":4092,"href":"https:\/\/bucknergt.org\/index.php\/wp-json\/wp\/v2\/pages\/2357\/revisions\/4092"}],"wp:attachment":[{"href":"https:\/\/bucknergt.org\/index.php\/wp-json\/wp\/v2\/media?parent=2357"}],"curies":[{"name":"wp","href":"https:\/\/api.w.org\/{rel}","templated":true}]}}