{"id":2354,"date":"2021-07-29T21:39:40","date_gmt":"2021-07-29T21:39:40","guid":{"rendered":"https:\/\/bucknergt.org\/?page_id=2354"},"modified":"2025-07-19T00:39:46","modified_gmt":"2025-07-19T00:39:46","slug":"voluntariado","status":"publish","type":"page","link":"https:\/\/bucknergt.org\/index.php\/voluntariado\/","title":{"rendered":"Voluntariado"},"content":{"rendered":"<div class=\"wpb-content-wrapper\"><p>[vc_row full_width=&#8221;stretch_row&#8221; css=&#8221;.vc_custom_1691699444105{padding-top: 5% !important;padding-bottom: 5% !important;background-color: #eef3fa !important;}&#8221;][vc_column][vc_custom_heading text=&#8221;Centro de recursos&#8221; font_container=&#8221;tag:h2|text_align:center&#8221; use_theme_fonts=&#8221;yes&#8221;][\/vc_column][\/vc_row][vc_row][vc_column width=&#8221;2\/3&#8243;][vc_column_text]Como voluntario de Buckner, tus habilidades \u00fanicas pueden satisfacer las necesidades de los ni\u00f1os vulnerables y de las familias fr\u00e1giles en su comunidad.<\/p>\n<p>\u00danete al movimiento que ha transformado vidas, desde 1879, a trav\u00e9s del ministerio.<\/p>\n<p>Hay innumerables oportunidades para los diferentes llamados.<\/p>\n<p>T\u00fa participaci\u00f3n, podr\u00eda cambiar una vida.<\/p>\n<p>Para ver una lista de oportunidades de voluntariado en cada una de nuestras ubicaciones: Ac\u00e1 las fotos de los lugares.[\/vc_column_text][vc_empty_space][\/vc_column][vc_column width=&#8221;1\/3&#8243;][vc_column_text]<\/p>\n<div class=\"fw-text-inner\">\n<nav class=\"page-nav\">\n<ul>\n<li class=\"who-we-are \" data-page-name=\"who-we-are\"><a href=\"https:\/\/bucknergt.org\/index.php\/eventos\/\">Eventos<\/a><\/li>\n<li class=\"who-we-are \" data-page-name=\"who-we-are\"><a href=\"https:\/\/bucknergt.org\/index.php\/responsabilidad-social-empresarial\/\">Responsabilidad social empresarial<\/a><\/li>\n<li class=\"who-we-are \" data-page-name=\"who-we-are\"><a href=\"https:\/\/bucknergt.org\/index.php\/movilizacion-de-iglesias\/\">Movilizaci\u00f3n de iglesias <\/a><\/li>\n<li class=\"who-we-are \" data-page-name=\"who-we-are\"><a href=\"https:\/\/bucknergt.org\/index.php\/voluntariado\/\">Voluntariado<\/a><\/li>\n<li class=\"who-we-are \" data-page-name=\"who-we-are\"><a href=\"https:\/\/bucknergt.org\/index.php\/centro-de-ayuda-humanitaria\/\">Centro de ayuda humanitaria\u00a0<\/a><\/li>\n<\/ul>\n<\/nav>\n<\/div>\n<p>[\/vc_column_text][\/vc_column][\/vc_row][vc_row][vc_column width=&#8221;1\/3&#8243;][vc_single_image image=&#8221;2432&#8243; img_size=&#8221;full&#8221; alignment=&#8221;center&#8221; onclick=&#8221;custom_link&#8221; link=&#8221;https:\/\/bucknergt.org\/index.php\/centro-san-jose-pinula\/&#8221;][vc_custom_heading text=&#8221;CEF San Jos\u00e9 Pinula&#8221; font_container=&#8221;tag:h4|text_align:center&#8221; use_theme_fonts=&#8221;yes&#8221;][\/vc_column][vc_column width=&#8221;1\/3&#8243;][vc_single_image image=&#8221;2441&#8243; img_size=&#8221;full&#8221; alignment=&#8221;center&#8221; onclick=&#8221;custom_link&#8221; link=&#8221;https:\/\/bucknergt.org\/index.php\/centro-jocotenango\/&#8221;][vc_custom_heading text=&#8221;CEF Jocotenango, Sacatep\u00e9quez&#8221; font_container=&#8221;tag:h4|text_align:center&#8221; use_theme_fonts=&#8221;yes&#8221;][vc_empty_space][\/vc_column][vc_column width=&#8221;1\/3&#8243;][vc_single_image image=&#8221;2443&#8243; img_size=&#8221;full&#8221; alignment=&#8221;center&#8221; onclick=&#8221;custom_link&#8221; link=&#8221;https:\/\/bucknergt.org\/index.php\/centro-de-ayuda\/&#8221;][vc_custom_heading text=&#8221;Centro de ayuda humanitaria&#8221; font_container=&#8221;tag:h4|text_align:center&#8221; use_theme_fonts=&#8221;yes&#8221;][\/vc_column][\/vc_row][vc_row][vc_column][vc_separator color=&#8221;custom&#8221; style=&#8221;dotted&#8221; border_width=&#8221;2&#8243; accent_color=&#8221;#00337f&#8221;][vc_empty_space][vc_column_text]<\/p>\n<h3 style=\"text-align: center;\">\u00a1Voluntariado de iglesia con Buckner!<\/h3>\n<p style=\"text-align: center;\">Gracias a ti, aqui\u0301 brilla la esperanza.<\/p>\n<p style=\"text-align: center;\">Nuestros beneficiarios tienen un nombre y un rostro. Al involucrarte con tu iglesia, tendra\u0301s la oportunidad de escuchar sus historias y compartirles tu corazo\u0301n de primera mano; orara\u0301s con ellos, mientras sirves a su lado.<\/p>\n<p style=\"text-align: center;\">U\u0301nete al movimiento que ha transformado vidas, desde 1879, a trave\u0301s del ministerio<\/p>\n<p>[\/vc_column_text][vc_single_image image=&#8221;2557&#8243; img_size=&#8221;large&#8221; alignment=&#8221;center&#8221;][vc_column_text]<\/p>\n<p style=\"text-align: center;\">Lista de opciones de como tu iglesia puede involucrarse con Buckner Guatemala,\u00a0<a href=\"https:\/\/bucknergt.org\/index.php\/listado-de-iglesias\/\">haga\u00a0clic aqu\u00ed<\/a><\/p>\n<p>[\/vc_column_text][vc_empty_space][\/vc_column][\/vc_row][vc_row][vc_column][vc_separator color=&#8221;custom&#8221; style=&#8221;dotted&#8221; border_width=&#8221;2&#8243; accent_color=&#8221;#00337f&#8221;][vc_empty_space][vc_column_text]<\/p>\n<h3 style=\"text-align: center;\">\u00a1Voluntariado con Buckner!<\/h3>\n<p style=\"text-align: center;\">Gracias a ti, aqu\u00ed brilla la esperanza.<\/p>\n<p style=\"text-align: center;\">Al ser voluntario a trav\u00e9s de Buckner Guatemala, tus habilidades, \u00fanicas pueden satisfacer las necesidades de los ni\u00f1os vulnerables y de las familias fr\u00e1giles en su comunidad.<br \/>\n\u00danete al movimiento que ha transformado, vidas desde 1879, a trav\u00e9s del ministerio pr\u00e1ctico.[\/vc_column_text][vc_single_image image=&#8221;4786&#8243; img_size=&#8221;medium&#8221; alignment=&#8221;center&#8221; css_animation=&#8221;fadeIn&#8221;][vc_empty_space][vc_btn title=&#8221;\u00danete como voluntario&#8221; color=&#8221;primary&#8221; size=&#8221;lg&#8221; align=&#8221;center&#8221; link=&#8221;url:https%3A%2F%2Fbucknergt.org%2Findex.php%2Fvoluntariado-con-buckner%2F|title:Voluntariado%20con%20Buckner&#8221;][vc_column_text]<\/p>\n<p style=\"text-align: center;\"><strong>Nota:<\/strong><br \/>\nPor motivo de la pandemia Covid-19 estamos en receso de algunas actividades presenciales de voluntariado, tomando las medidas de distanciamiento social correspondientes.[\/vc_column_text][\/vc_column][\/vc_row][vc_row][vc_column][vc_separator color=&#8221;custom&#8221; style=&#8221;dotted&#8221; border_width=&#8221;2&#8243; accent_color=&#8221;#00337f&#8221;][vc_empty_space][vc_column_text]<\/p>\n<div class=\"fw-heading fw-heading-center tf-sh-bab775ff9617bcaa2a5c6f3bd3a0e88e\">\n<h3 class=\"fw-special-title\" style=\"text-align: center;\">\u00a1Te puedes involucrar donando!<\/h3>\n<\/div>\n<div class=\"fw-text-box tf-sh-68f3e6252a11fc56cd7f050741fa3921 \">\n<div class=\"fw-text-inner\">\n<p style=\"text-align: center;\">Gracias a ti, aqu\u00ed brilla la esperanza.<\/p>\n<p style=\"text-align: center;\">Si eres una empresa en Guatemala, quieres servir y a\u00f1adir valor, puedes unirte al trabajo de Buckner y conocer, c\u00f3mo puedes hacer voluntariado con tus colaboradores o c\u00f3mo una alianza con nosotros, generar\u00e1 impacto en nuestros dos programas.<\/p>\n<p style=\"text-align: center;\"><strong>Estas son las formas de c\u00f3mo te puedes involucrar con Buckner Guatemala.<\/strong><\/p>\n<\/div>\n<\/div>\n<p>[\/vc_column_text][vc_empty_space][vc_btn title=&#8221;DONAR&#8221; color=&#8221;primary&#8221; size=&#8221;lg&#8221; align=&#8221;center&#8221; link=&#8221;url:https%3A%2F%2Fbucknergt.org%2Findex.php%2Fdonar%2F|title:Voluntariado%20con%20Buckner&#8221;][vc_empty_space][\/vc_column][\/vc_row][vc_row][vc_column][vc_separator color=&#8221;custom&#8221; style=&#8221;dotted&#8221; border_width=&#8221;2&#8243; accent_color=&#8221;#00337f&#8221;][vc_empty_space][vc_row_inner][vc_column_inner width=&#8221;1\/3&#8243;][vc_single_image image=&#8221;2808&#8243; img_size=&#8221;full&#8221;][\/vc_column_inner][vc_column_inner width=&#8221;1\/3&#8243;][vc_column_text]<\/p>\n<div class=\"fw-heading fw-heading-center tf-sh-bab775ff9617bcaa2a5c6f3bd3a0e88e\">\n<p class=\"fw-special-title\" style=\"text-align: center;\"><strong>Voluntariado:<\/strong>\u00a0Tu empresa puede cambiar vidas participando. Involucra a tu empresa en nuestras distintas actividades de voluntariado.<\/p>\n<\/div>\n<p>[\/vc_column_text][\/vc_column_inner][vc_column_inner width=&#8221;1\/3&#8243;][vc_single_image image=&#8221;2809&#8243; img_size=&#8221;full&#8221;][\/vc_column_inner][\/vc_row_inner][vc_row_inner][vc_column_inner width=&#8221;1\/3&#8243;][vc_single_image image=&#8221;2806&#8243; img_size=&#8221;full&#8221;][\/vc_column_inner][vc_column_inner width=&#8221;1\/3&#8243;][vc_column_text]<\/p>\n<div class=\"fw-heading fw-heading-center tf-sh-bab775ff9617bcaa2a5c6f3bd3a0e88e\">\n<p class=\"fw-special-title\" style=\"text-align: center;\">Colecta de zapatos nuevos para ni\u00f1os vulnerables: Puedes unirte a nosotros recaudando zapatos y calcetines nuevos para ni\u00f1os que, desesperadamente necesitan apoyo. Buckner provee zapatos nuevos y calcetines a m\u00e1s de 60 mil ni\u00f1os anualmente en Guatemala.<\/p>\n<\/div>\n<p>[\/vc_column_text][\/vc_column_inner][vc_column_inner width=&#8221;1\/3&#8243;][vc_single_image image=&#8221;2805&#8243; img_size=&#8221;full&#8221;][\/vc_column_inner][\/vc_row_inner][vc_empty_space][\/vc_column][\/vc_row][vc_row][vc_column][vc_separator][vc_custom_heading text=&#8221;\u00a1Conoce m\u00e1s de nuestras historias edificantes y c\u00f3mo hacer brillar la esperanza en Guatemala y alrededor del mundo!&#8221; font_container=&#8221;tag:h4|text_align:center&#8221; use_theme_fonts=&#8221;yes&#8221;][vc_empty_space height=&#8221;30px&#8221;][vc_row_inner css=&#8221;.vc_custom_1691644005185{padding-top: 5% !important;padding-right: 5% !important;padding-bottom: 5% !important;padding-left: 5% !important;background-color: #f1f7ff !important;}&#8221;][vc_column_inner][vc_column_text]<\/p>\n<p style=\"text-align: center;\">Estamos muy contentos de compartir contigo las maneras en que se puede hacer brillar la esperanza en ni\u00f1os y familias en Guatemala y alrededor del mundo. Te invitamos a que te mantengas en contacto con nosotros, para que crezcamos juntos en la fe.<\/p>\n<p style=\"text-align: center;\">Haz clic a continuaci\u00f3n, para obtener las \u00faltimas noticias, historias, actualizaciones e invitaciones a eventos exclusivos de Buckner.<\/p>\n<p>[\/vc_column_text][vc_custom_heading text=&#8221;\u00a1No encontrar\u00e1s estas historias y recursos en ning\u00fan otro lugar!&#8221; font_container=&#8221;tag:h5|text_align:center&#8221; use_theme_fonts=&#8221;yes&#8221;][vc_empty_space][vc_btn title=&#8221;Obtener actualizaciones aqu\u00ed&#8221; color=&#8221;warning&#8221; align=&#8221;center&#8221; link=&#8221;url:https%3A%2F%2Fbucknergt.org%2Findex.php%2Fnoticias%2F|title:Noticias&#8221;][\/vc_column_inner][\/vc_row_inner][\/vc_column][\/vc_row]<\/p>\n<\/div>","protected":false},"excerpt":{"rendered":"<p>[vc_row full_width=&#8221;stretch_row&#8221; css=&#8221;.vc_custom_1691699444105{padding-top: 5% !important;padding-bottom: 5% !important;background-color: #eef3fa !important;}&#8221;][vc_column][vc_custom_heading text=&#8221;Centro de recursos&#8221; font_container=&#8221;tag:h2|text_align:center&#8221; use_theme_fonts=&#8221;yes&#8221;][\/vc_column][\/vc_row][vc_row][vc_column width=&#8221;2\/3&#8243;][vc_column_text]Como&#8230;<\/p>\n","protected":false},"author":1,"featured_media":0,"parent":0,"menu_order":0,"comment_status":"closed","ping_status":"closed","template":"","meta":{"footnotes":""},"class_list":["post-2354","page","type-page","status-publish","hentry"],"_links":{"self":[{"href":"https:\/\/bucknergt.org\/index.php\/wp-json\/wp\/v2\/pages\/2354","targetHints":{"allow":["GET"]}}],"collection":[{"href":"https:\/\/bucknergt.org\/index.php\/wp-json\/wp\/v2\/pages"}],"about":[{"href":"https:\/\/bucknergt.org\/index.php\/wp-json\/wp\/v2\/types\/page"}],"author":[{"embeddable":true,"href":"https:\/\/bucknergt.org\/index.php\/wp-json\/wp\/v2\/users\/1"}],"replies":[{"embeddable":true,"href":"https:\/\/bucknergt.org\/index.php\/wp-json\/wp\/v2\/comments?post=2354"}],"version-history":[{"count":53,"href":"https:\/\/bucknergt.org\/index.php\/wp-json\/wp\/v2\/pages\/2354\/revisions"}],"predecessor-version":[{"id":4787,"href":"https:\/\/bucknergt.org\/index.php\/wp-json\/wp\/v2\/pages\/2354\/revisions\/4787"}],"wp:attachment":[{"href":"https:\/\/bucknergt.org\/index.php\/wp-json\/wp\/v2\/media?parent=2354"}],"curies":[{"name":"wp","href":"https:\/\/api.w.org\/{rel}","templated":true}]}}