{"id":2351,"date":"2021-07-29T21:39:04","date_gmt":"2021-07-29T21:39:04","guid":{"rendered":"https:\/\/bucknergt.org\/?page_id=2351"},"modified":"2024-10-10T22:39:32","modified_gmt":"2024-10-10T22:39:32","slug":"movilizacion-de-iglesias","status":"publish","type":"page","link":"https:\/\/bucknergt.org\/index.php\/movilizacion-de-iglesias\/","title":{"rendered":"Movilizaci\u00f3n de iglesias"},"content":{"rendered":"<div class=\"wpb-content-wrapper\"><p>[vc_row full_width=&#8221;stretch_row&#8221; css=&#8221;.vc_custom_1691699444105{padding-top: 5% !important;padding-bottom: 5% !important;background-color: #eef3fa !important;}&#8221;][vc_column][vc_custom_heading text=&#8221;Movilizaci\u00f3n de Iglesias&#8221; font_container=&#8221;tag:h2|text_align:center&#8221; use_theme_fonts=&#8221;yes&#8221;][\/vc_column][\/vc_row][vc_row][vc_column][vc_custom_heading text=&#8221;Las iglesias est\u00e1n llamadas a ser las manos y los pies de Jes\u00fas a las comunidades y otras \u00e1reas alrededor del mundo que necesitan esperanza.&#8221; font_container=&#8221;tag:h3|text_align:center&#8221; use_theme_fonts=&#8221;yes&#8221;][vc_row_inner][vc_column_inner width=&#8221;1\/6&#8243;][\/vc_column_inner][vc_column_inner width=&#8221;2\/3&#8243;][vc_custom_heading text=&#8221;Las iglesias est\u00e1n llamadas a ser las manos y los pies de Jes\u00fas a las comunidades y otras \u00e1reas alrededor del mundo que necesitan esperanza.&#8221; font_container=&#8221;tag:h4|text_align:center&#8221; use_theme_fonts=&#8221;yes&#8221;][\/vc_column_inner][vc_column_inner width=&#8221;1\/6&#8243;][\/vc_column_inner][\/vc_row_inner][vc_empty_space][vc_single_image image=&#8221;2584&#8243; img_size=&#8221;large&#8221; alignment=&#8221;center&#8221;][vc_btn title=&#8221;\u00bfQuieres saber c\u00f3mo participar?&#8221; style=&#8221;classic&#8221; color=&#8221;primary&#8221; size=&#8221;lg&#8221; align=&#8221;center&#8221; link=&#8221;url:https%3A%2F%2Fbucknergt.org%2Findex.php%2Flistado-de-iglesias%2F|title:Lista%20de%20Iglesias&#8221;][vc_empty_space][\/vc_column][\/vc_row][vc_row][vc_column][vc_separator color=&#8221;custom&#8221; style=&#8221;dotted&#8221; border_width=&#8221;2&#8243; accent_color=&#8221;#00337f&#8221;][vc_empty_space][vc_row_inner][vc_column_inner width=&#8221;1\/3&#8243;][vc_single_image image=&#8221;2555&#8243; img_size=&#8221;full&#8221;][\/vc_column_inner][vc_column_inner width=&#8221;2\/3&#8243;][vc_column_text]No importa co\u0301mo tu iglesia este\u0301 llamada a servir a los dema\u0301s, hay algo para cada llamado en Buckner.<\/p>\n<p>Servimos a nin\u0303os vulnerables, empoderamos y apoyamos a padres, ayudamos a fortalecer y preservar a las familias e inspiramos felicidad. Tambie\u0301n tenemos oportunidades de proyectos de misio\u0301n y servicio. Buckner hace que sea fa\u0301cil para tu iglesia, involucrarse y marcar la diferencia.<\/p>\n<p>Un plan se puede personalizar para alinearse con la visio\u0301n y las metas ministeriales de tu iglesia. Incluso, te ayudamos a crear un plan para integrarte, si tu iglesia no tiene uno.[\/vc_column_text][\/vc_column_inner][\/vc_row_inner][vc_empty_space][vc_separator color=&#8221;custom&#8221; style=&#8221;dotted&#8221; border_width=&#8221;2&#8243; accent_color=&#8221;#00337f&#8221;][vc_empty_space][vc_row_inner][vc_column_inner width=&#8221;1\/3&#8243;][vc_single_image image=&#8221;2556&#8243; img_size=&#8221;full&#8221;][\/vc_column_inner][vc_column_inner width=&#8221;2\/3&#8243;][vc_column_text]Ve co\u0301mo otras iglesias trabajan con Buckner y as\u00ed, ser las manos y los pies de Jesu\u0301s, para aquellos que ma\u0301s necesitan esperanza.<\/p>\n<p>Buckner trabaja con iglesias en toda Guatemala y especialmente, en las a\u0301reas de nuestra intervencio\u0301n.<\/p>\n<p>Muchas iglesias esta\u0301n involucradas, en ma\u0301s de un a\u0301rea del ministerio de Buckner.[\/vc_column_text][vc_btn title=&#8221;DONAR&#8221; color=&#8221;primary&#8221; size=&#8221;lg&#8221; link=&#8221;url:https%3A%2F%2Fbucknergt.org%2Fdonaciones%2Fpago_seguroBucknergt.php|title:donacion&#8221;][\/vc_column_inner][\/vc_row_inner][vc_empty_space][\/vc_column][\/vc_row][vc_row][vc_column][vc_separator color=&#8221;custom&#8221; style=&#8221;dotted&#8221; border_width=&#8221;2&#8243; accent_color=&#8221;#00337f&#8221;][vc_empty_space][vc_single_image image=&#8221;2425&#8243; img_size=&#8221;large&#8221; alignment=&#8221;center&#8221;][vc_column_text]<\/p>\n<h3 style=\"text-align: center;\">Aprende a crear un plan de acci\u00f3n de iglesia<\/h3>\n<h5 style=\"text-align: center;\">\u00a1Gu\u00eda gratuita para ayudar a tu iglesia!<\/h5>\n<p>[\/vc_column_text][vc_empty_space][\/vc_column][\/vc_row][vc_row][vc_column][vc_separator color=&#8221;custom&#8221; style=&#8221;dotted&#8221; border_width=&#8221;2&#8243; accent_color=&#8221;#00337f&#8221;][vc_empty_space][vc_row_inner][vc_column_inner width=&#8221;1\/3&#8243;][vc_column_text]<\/p>\n<h5>Conecta a m\u00e1s personas con Dios.<\/h5>\n<p>Nuestro equipo est\u00e1 aqu\u00ed para servirte.<\/p>\n<p>\u00a1Descarga esta gu\u00eda GRATUITA que incluye 3 sencillos pasos para crea un plan de acci\u00f3n personalizada para tu iglesia![\/vc_column_text][\/vc_column_inner][vc_column_inner width=&#8221;2\/3&#8243; css=&#8221;.vc_custom_1692469180072{padding-right: 2% !important;padding-left: 2% !important;background-color: #f3f7fd !important;}&#8221;][vc_column_text]<\/p>\n<h3>Descarga gu\u00eda gratuita<\/h3>\n<h5>Completa los datos<\/h5>\n<p>[\/vc_column_text]<div class=\"wpforms-container wpforms-container-full\" id=\"wpforms-153\"><form id=\"wpforms-form-153\" class=\"wpforms-validate wpforms-form\" data-formid=\"153\" method=\"post\" enctype=\"multipart\/form-data\" action=\"\/index.php\/wp-json\/wp\/v2\/pages\/2351\" data-token=\"7be4795d443c1aa17157acb299186695\" data-token-time=\"1777620535\"><noscript class=\"wpforms-error-noscript\">Please enable JavaScript in your browser to complete this form.<\/noscript><div class=\"wpforms-field-container\"><div id=\"wpforms-153-field_0-container\" class=\"wpforms-field wpforms-field-name\" data-field-id=\"0\"><label class=\"wpforms-field-label\" for=\"wpforms-153-field_0\">Nombre y Apellido <span class=\"wpforms-required-label\">*<\/span><\/label><div class=\"wpforms-field-row wpforms-field-medium\"><div class=\"wpforms-field-row-block wpforms-first wpforms-one-half\"><input type=\"text\" id=\"wpforms-153-field_0\" class=\"wpforms-field-name-first wpforms-field-required\" name=\"wpforms[fields][0][first]\" required><label for=\"wpforms-153-field_0\" class=\"wpforms-field-sublabel after wpforms-sublabel-hide\">First<\/label><\/div><div class=\"wpforms-field-row-block wpforms-one-half\"><input type=\"text\" id=\"wpforms-153-field_0-last\" class=\"wpforms-field-name-last wpforms-field-required\" name=\"wpforms[fields][0][last]\" required><label for=\"wpforms-153-field_0-last\" class=\"wpforms-field-sublabel after wpforms-sublabel-hide\">Last<\/label><\/div><\/div><\/div><div id=\"wpforms-153-field_1-container\" class=\"wpforms-field wpforms-field-email\" data-field-id=\"1\"><label class=\"wpforms-field-label\" for=\"wpforms-153-field_1\">Email <span class=\"wpforms-required-label\">*<\/span><\/label><input type=\"email\" id=\"wpforms-153-field_1\" class=\"wpforms-field-medium wpforms-field-required\" name=\"wpforms[fields][1]\" spellcheck=\"false\" required><\/div><div id=\"wpforms-153-field_2-container\" class=\"wpforms-field wpforms-field-textarea\" data-field-id=\"2\"><label class=\"wpforms-field-label\" for=\"wpforms-153-field_2\">Comentario o Mensaje <span class=\"wpforms-required-label\">*<\/span><\/label><textarea id=\"wpforms-153-field_2\" class=\"wpforms-field-medium wpforms-field-required\" name=\"wpforms[fields][2]\" required><\/textarea><\/div><\/div><!-- .wpforms-field-container --><div class=\"wpforms-field wpforms-field-hp\"><label for=\"wpforms-153-field-hp\" class=\"wpforms-field-label\">Message<\/label><input type=\"text\" name=\"wpforms[hp]\" id=\"wpforms-153-field-hp\" class=\"wpforms-field-medium\"><\/div><div class=\"wpforms-submit-container\" ><input type=\"hidden\" name=\"wpforms[id]\" value=\"153\"><input type=\"hidden\" name=\"page_title\" value=\"\"><input type=\"hidden\" name=\"page_url\" value=\"https:\/\/bucknergt.org\/index.php\/wp-json\/wp\/v2\/pages\/2351\"><input type=\"hidden\" name=\"url_referer\" value=\"\"><button type=\"submit\" name=\"wpforms[submit]\" id=\"wpforms-submit-153\" class=\"wpforms-submit\" data-alt-text=\"Sending...\" data-submit-text=\"ENVIAR\" aria-live=\"assertive\" value=\"wpforms-submit\">ENVIAR<\/button><\/div><\/form><\/div>  <!-- .wpforms-container -->[\/vc_column_inner][\/vc_row_inner][vc_row_inner][vc_column_inner width=&#8221;1\/2&#8243;][vc_column_text]<\/p>\n<h3>Acerca de Buckner:<\/h3>\n<p>Buckner Guatemala es una organizaci\u00f3n sin fines de lucro basada en la fe que atiende a ni\u00f1os, ni\u00f1as y familias vulnerables.[\/vc_column_text][\/vc_column_inner][vc_column_inner width=&#8221;1\/2&#8243;][vc_column_text]<\/p>\n<h3>Cont\u00e1ctanos:<\/h3>\n<p>info@bucknergt.org<br \/>\nPBX: (502) 2306 0800<br \/>\nLl\u00e1manos[\/vc_column_text][\/vc_column_inner][\/vc_row_inner][vc_empty_space][\/vc_column][\/vc_row][vc_row][vc_column][vc_separator color=&#8221;custom&#8221; style=&#8221;dotted&#8221; border_width=&#8221;2&#8243; accent_color=&#8221;#00337f&#8221;][vc_empty_space][vc_row_inner][vc_column_inner width=&#8221;1\/3&#8243;][vc_single_image image=&#8221;2568&#8243; img_size=&#8221;full&#8221;][\/vc_column_inner][vc_column_inner width=&#8221;2\/3&#8243;][vc_column_text]<strong>Alianza Evange\u0301lica de Guatemala<\/strong><\/p>\n<p>Alcance del ministerio: oportunidades de voluntariado, zapatos para los NNA.<\/p>\n<p>ALIANZA EVANGE\u0301LICA DE GUATEMALA cumple desde 1,937 su compromiso de representar, promover y mantener la unidad del cuerpo de Cristo en Guatemala. Cumpliendo el mandato de nuestro Sen\u0303or Jesucristo.<\/p>\n<p>\u201cpara que todos sean uno; como tu\u0301, oh, Padre, en mi\u0301, y yo en ti, que tambie\u0301n ellos sean uno en nosotros; para que el mundo crea que tu\u0301 me enviaste.\u201d (Juan 17:21).[\/vc_column_text][\/vc_column_inner][\/vc_row_inner][vc_empty_space][vc_separator color=&#8221;custom&#8221; style=&#8221;dotted&#8221; border_width=&#8221;2&#8243; accent_color=&#8221;#00337f&#8221;][vc_empty_space][vc_row_inner][vc_column_inner width=&#8221;1\/3&#8243;][vc_single_image image=&#8221;2569&#8243; img_size=&#8221;full&#8221;][\/vc_column_inner][vc_column_inner width=&#8221;2\/3&#8243;][vc_column_text]<strong>Ministerio Clamor de Vida<\/strong><\/p>\n<p>Alcance del Ministerio: oportunidades de voluntariado, devocionales impartidos a sen\u0303oras, jornada me\u0301dica y zapatos para los NNA.<\/p>\n<p>El Ministerio Clamor de Vida, es un ministerio interdenominacional que esta\u0301 conformado por diferentes hermanas que asisten cada una a su congregacio\u0301n, el anhelo de nuestro corazo\u0301n es llevar las buenas noticias a los hogares segu\u0301n las estrategias que Dios nos revela segu\u0301n su Espi\u0301ritu Santo, lo principal es que cada nin\u0303a, nin\u0303o, joven, mujer y hombre tengan una transformacio\u0301n en cuerpo, alma y espiritualmente, se desarrollen cada uno y la vez su familia, iglesia y comunidad.[\/vc_column_text][\/vc_column_inner][\/vc_row_inner][vc_empty_space][vc_separator color=&#8221;custom&#8221; style=&#8221;dotted&#8221; border_width=&#8221;2&#8243; accent_color=&#8221;#00337f&#8221;][vc_empty_space][vc_row_inner][vc_column_inner width=&#8221;1\/3&#8243;][vc_single_image image=&#8221;2570&#8243; img_size=&#8221;full&#8221;][\/vc_column_inner][vc_column_inner width=&#8221;2\/3&#8243;][vc_column_text]<strong>Centro Bi\u0301blico La Verdad y la Vida<\/strong><\/p>\n<p>Alcance de la Iglesia: oportunidades de voluntariado, devocionales impartidos a sen\u0303oras y a jo\u0301venes, zapatos para los NNA.<\/p>\n<p>La Iglesia Centro Bi\u0301blico La Verdad y la Vida, tiene la visio\u0301n de ser una comunidad de creyentes maduros en Jesucristo el Sen\u0303or, que proclaman la palabra de Dios, impactando asi\u0301 a nuestra sociedad por el poder del Espi\u0301ritu Santo. Adema\u0301s, de hacer disci\u0301pulos de nuestro Sen\u0303or Jesucristo, ensen\u0303a\u0301ndoles que vivan de acuerdo con todo lo que e\u0301l mando\u0301.[\/vc_column_text][\/vc_column_inner][\/vc_row_inner][vc_empty_space][vc_separator color=&#8221;custom&#8221; style=&#8221;dotted&#8221; border_width=&#8221;2&#8243; accent_color=&#8221;#00337f&#8221;][vc_empty_space][vc_row_inner][vc_column_inner width=&#8221;1\/3&#8243;][vc_single_image image=&#8221;2571&#8243; img_size=&#8221;full&#8221;][\/vc_column_inner][vc_column_inner width=&#8221;2\/3&#8243;][vc_column_text]<strong>Radiante<\/strong><\/p>\n<p>Alcance del ministerio: oportunidades de voluntariado, devocionales impartidos a se\u00f1oras.<\/p>\n<p>Desde hace aproximadamente 4 a\u00f1os el Ministerio Radiante de Somos Iglesia, dirigido por Pastora Karen M. de Pineda y su equipo de colaboradoras, han venido dando apoyo a la Instituci\u00f3n Buckner Guatemala compartiendo la palabra de Dios a trav\u00e9s de un devocional en visita mensual. En el desarrollo de cada devocional, tambi\u00e9n se ministr\u00f3 a las mujeres orando por sus necesidades, anim\u00e1ndolas y fortaleci\u00e9ndolas espiritualmente.[\/vc_column_text][\/vc_column_inner][\/vc_row_inner][vc_empty_space][vc_separator color=&#8221;custom&#8221; style=&#8221;dotted&#8221; border_width=&#8221;2&#8243; accent_color=&#8221;#00337f&#8221;][vc_empty_space][vc_row_inner][vc_column_inner width=&#8221;1\/3&#8243;][vc_single_image image=&#8221;2572&#8243; img_size=&#8221;full&#8221;][\/vc_column_inner][vc_column_inner width=&#8221;2\/3&#8243;][vc_column_text]<strong>Somos Iglesia<\/strong><\/p>\n<p>Alcance del ministerio: oportunidades de voluntariado, devocionales impartidos a sen\u0303oras. Amar a Dios, amar a las personas, servir a Dios y servir a las personas.[\/vc_column_text][\/vc_column_inner][\/vc_row_inner][\/vc_column][\/vc_row][vc_row][vc_column][vc_separator][vc_custom_heading text=&#8221;\u00a1Conoce m\u00e1s de nuestras historias edificantes y c\u00f3mo hacer brillar la esperanza en Guatemala y alrededor del mundo!&#8221; font_container=&#8221;tag:h4|text_align:center&#8221; use_theme_fonts=&#8221;yes&#8221;][vc_empty_space height=&#8221;30px&#8221;][vc_row_inner css=&#8221;.vc_custom_1691644005185{padding-top: 5% !important;padding-right: 5% !important;padding-bottom: 5% !important;padding-left: 5% !important;background-color: #f1f7ff !important;}&#8221;][vc_column_inner][vc_column_text]<\/p>\n<p style=\"text-align: center;\">Estamos muy contentos de compartir contigo las maneras en que se puede hacer brillar la esperanza en ni\u00f1os y familias en Guatemala y alrededor del mundo. Te invitamos a que te mantengas en contacto con nosotros, para que crezcamos juntos en la fe.<\/p>\n<p style=\"text-align: center;\">Haz clic a continuaci\u00f3n, para obtener las \u00faltimas noticias, historias, actualizaciones e invitaciones a eventos exclusivos de Buckner.<\/p>\n<p>[\/vc_column_text][vc_custom_heading text=&#8221;\u00a1No encontrar\u00e1s estas historias y recursos en ning\u00fan otro lugar!&#8221; font_container=&#8221;tag:h5|text_align:center&#8221; use_theme_fonts=&#8221;yes&#8221;][vc_empty_space][vc_btn title=&#8221;Obtener actualizaciones aqu\u00ed&#8221; color=&#8221;warning&#8221; align=&#8221;center&#8221; link=&#8221;url:https%3A%2F%2Fbucknergt.org%2Fdonaciones%2Fpago_seguroBucknergt.php&#8221;][\/vc_column_inner][\/vc_row_inner][\/vc_column][\/vc_row]<\/p>\n<\/div>","protected":false},"excerpt":{"rendered":"<p>[vc_row full_width=&#8221;stretch_row&#8221; css=&#8221;.vc_custom_1691699444105{padding-top: 5% !important;padding-bottom: 5% !important;background-color: #eef3fa !important;}&#8221;][vc_column][vc_custom_heading text=&#8221;Movilizaci\u00f3n de Iglesias&#8221; font_container=&#8221;tag:h2|text_align:center&#8221; use_theme_fonts=&#8221;yes&#8221;][\/vc_column][\/vc_row][vc_row][vc_column][vc_custom_heading text=&#8221;Las&#8230;<\/p>\n","protected":false},"author":1,"featured_media":0,"parent":0,"menu_order":0,"comment_status":"closed","ping_status":"closed","template":"","meta":{"footnotes":""},"class_list":["post-2351","page","type-page","status-publish","hentry"],"_links":{"self":[{"href":"https:\/\/bucknergt.org\/index.php\/wp-json\/wp\/v2\/pages\/2351","targetHints":{"allow":["GET"]}}],"collection":[{"href":"https:\/\/bucknergt.org\/index.php\/wp-json\/wp\/v2\/pages"}],"about":[{"href":"https:\/\/bucknergt.org\/index.php\/wp-json\/wp\/v2\/types\/page"}],"author":[{"embeddable":true,"href":"https:\/\/bucknergt.org\/index.php\/wp-json\/wp\/v2\/users\/1"}],"replies":[{"embeddable":true,"href":"https:\/\/bucknergt.org\/index.php\/wp-json\/wp\/v2\/comments?post=2351"}],"version-history":[{"count":60,"href":"https:\/\/bucknergt.org\/index.php\/wp-json\/wp\/v2\/pages\/2351\/revisions"}],"predecessor-version":[{"id":4768,"href":"https:\/\/bucknergt.org\/index.php\/wp-json\/wp\/v2\/pages\/2351\/revisions\/4768"}],"wp:attachment":[{"href":"https:\/\/bucknergt.org\/index.php\/wp-json\/wp\/v2\/media?parent=2351"}],"curies":[{"name":"wp","href":"https:\/\/api.w.org\/{rel}","templated":true}]}}