{"id":2334,"date":"2021-07-29T20:08:03","date_gmt":"2021-07-29T20:08:03","guid":{"rendered":"https:\/\/bucknergt.org\/?page_id=2334"},"modified":"2024-10-10T03:10:15","modified_gmt":"2024-10-10T03:10:15","slug":"centro-de-recursos","status":"publish","type":"page","link":"https:\/\/bucknergt.org\/index.php\/centro-de-recursos\/","title":{"rendered":"Centro de recursos"},"content":{"rendered":"<div class=\"wpb-content-wrapper\"><p>[vc_row full_width=&#8221;stretch_row&#8221; css=&#8221;.vc_custom_1691699444105{padding-top: 5% !important;padding-bottom: 5% !important;background-color: #eef3fa !important;}&#8221;][vc_column][vc_custom_heading text=&#8221;Centro de recursos&#8221; font_container=&#8221;tag:h2|text_align:center&#8221; use_theme_fonts=&#8221;yes&#8221;][\/vc_column][\/vc_row][vc_row disable_element=&#8221;yes&#8221;][vc_column][vc_custom_heading text=&#8221;Tus donaciones apoyan directamente al ministerio&#8221; font_container=&#8221;tag:h2|text_align:center&#8221; use_theme_fonts=&#8221;yes&#8221;][vc_empty_space height=&#8221;30px&#8221;][\/vc_column][\/vc_row][vc_row][vc_column width=&#8221;2\/3&#8243;][vc_column_text]Hace m\u00e1s de 140 a\u00f1os, se fund\u00f3 Buckner Internacional, en el a\u00f1o 1879.<\/p>\n<p>Ante la problem\u00e1tica de orfandad y desintegraci\u00f3n familiar, producto de la guerra civil en el sur de los Estados Unidos, el Pastor Robert C. Buckner se levant\u00f3 con una visi\u00f3n muy clara y con un prop\u00f3sito definido, \u201cEquipar a familias y a ni\u00f1os para la vida\u201d. Cumpliendo el llamado enmarcado en Santiago 1:27 \u201cLa religi\u00f3n pura y sin mancha delante de nuestro Dios, y Padre, es esta: visitar a los hu\u00e9rfanos y a las viudas en sus aflicciones, y guardarse sin mancha del mundo\u201d.<\/p>\n<p>El Pastor Buckner, siempre busc\u00f3 formas innovadoras de llevar el ministerio a los m\u00e1s vulnerables, combinando sus creencias teol\u00f3gicas con una conciencia social progresiva. Fue su profunda compasi\u00f3n por el desanimado y el indefenso, la que sirvi\u00f3 de fuerza motriz detr\u00e1s de su ministerio.<\/p>\n<p>Este llamado se extendi\u00f3 a nuestro pa\u00eds Guatemala, y desde el a\u00f1o 2002, atendemos y cumplimos la misma visi\u00f3n de nuestro fundador. Y continuamos creciendo alrededor del mundo.<\/p>\n<p><strong>A trav\u00e9s de centro de recursos, en la columna derecha encontrar\u00e1s diversos materiales de nuestra organizaci\u00f3n que pueden ayudarte a conocernos m\u00e1s.<\/strong><\/p>\n<p><strong>Nuestra marca se encuentra registrada y no puede ser mal utilizada.<\/strong>[\/vc_column_text][vc_empty_space][vc_single_image image=&#8221;3430&#8243; img_size=&#8221;full&#8221;][\/vc_column][vc_column width=&#8221;1\/3&#8243;][vc_column_text]<\/p>\n<div class=\"fw-text-inner\">\n<nav class=\"page-nav\">\n<ul>\n<li class=\"who-we-are current active\" data-page-name=\"who-we-are\"><a href=\"https:\/\/bucknergt.org\/index.php\/centro-de-recursos\">Centro de recursos<\/a><\/li>\n<li class=\"financial-accountability\" data-page-name=\"financial-accountability\"><a href=\"https:\/\/bucknergt.org\/index.php\/blog\/\">Blog<\/a><\/li>\n<li><a href=\"https:\/\/bucknergt.org\/index.php\/videos\">Videos descargables<\/a><\/li>\n<li class=\"contact-mirror\" data-page-name=\"contact-mirror\"><a href=\"https:\/\/bucknergt.org\/index.php\/declaracion-de-fe\/\">Declaraci\u00f3n de fe<\/a><\/li>\n<\/ul>\n<\/nav>\n<\/div>\n<p>[\/vc_column_text][\/vc_column][\/vc_row][vc_row][vc_column][vc_separator][vc_custom_heading text=&#8221;\u00a1Conoce m\u00e1s de nuestras historias edificantes y c\u00f3mo hacer brillar la esperanza en Guatemala y alrededor del mundo!&#8221; font_container=&#8221;tag:h4|text_align:center&#8221; use_theme_fonts=&#8221;yes&#8221;][vc_empty_space height=&#8221;30px&#8221;][vc_row_inner css=&#8221;.vc_custom_1691644005185{padding-top: 5% !important;padding-right: 5% !important;padding-bottom: 5% !important;padding-left: 5% !important;background-color: #f1f7ff !important;}&#8221;][vc_column_inner][vc_column_text]<\/p>\n<p style=\"text-align: center;\">Estamos muy contentos de compartir contigo las maneras en que se puede hacer brillar la esperanza en ni\u00f1os y familias en Guatemala y alrededor del mundo. Te invitamos a que te mantengas en contacto con nosotros, para que crezcamos juntos en la fe.<\/p>\n<p style=\"text-align: center;\">Haz clic a continuaci\u00f3n, para obtener las \u00faltimas noticias, historias, actualizaciones e invitaciones a eventos exclusivos de Buckner.<\/p>\n<p>[\/vc_column_text][vc_custom_heading text=&#8221;\u00a1No encontrar\u00e1s estas historias y recursos en ning\u00fan otro lugar!&#8221; font_container=&#8221;tag:h5|text_align:center&#8221; use_theme_fonts=&#8221;yes&#8221;][vc_empty_space][vc_btn title=&#8221;Obtener actualizaciones aqu\u00ed&#8221; color=&#8221;warning&#8221; align=&#8221;center&#8221; link=&#8221;url:https%3A%2F%2Fbucknergt.org%2Findex.php%2Fnoticias%2F|title:Noticias&#8221;][\/vc_column_inner][\/vc_row_inner][\/vc_column][\/vc_row]<\/p>\n<\/div>","protected":false},"excerpt":{"rendered":"<p>[vc_row full_width=&#8221;stretch_row&#8221; css=&#8221;.vc_custom_1691699444105{padding-top: 5% !important;padding-bottom: 5% !important;background-color: #eef3fa !important;}&#8221;][vc_column][vc_custom_heading text=&#8221;Centro de recursos&#8221; font_container=&#8221;tag:h2|text_align:center&#8221; use_theme_fonts=&#8221;yes&#8221;][\/vc_column][\/vc_row][vc_row disable_element=&#8221;yes&#8221;][vc_column][vc_custom_heading&#8230;<\/p>\n","protected":false},"author":1,"featured_media":0,"parent":0,"menu_order":0,"comment_status":"closed","ping_status":"closed","template":"","meta":{"footnotes":""},"class_list":["post-2334","page","type-page","status-publish","hentry"],"_links":{"self":[{"href":"https:\/\/bucknergt.org\/index.php\/wp-json\/wp\/v2\/pages\/2334","targetHints":{"allow":["GET"]}}],"collection":[{"href":"https:\/\/bucknergt.org\/index.php\/wp-json\/wp\/v2\/pages"}],"about":[{"href":"https:\/\/bucknergt.org\/index.php\/wp-json\/wp\/v2\/types\/page"}],"author":[{"embeddable":true,"href":"https:\/\/bucknergt.org\/index.php\/wp-json\/wp\/v2\/users\/1"}],"replies":[{"embeddable":true,"href":"https:\/\/bucknergt.org\/index.php\/wp-json\/wp\/v2\/comments?post=2334"}],"version-history":[{"count":31,"href":"https:\/\/bucknergt.org\/index.php\/wp-json\/wp\/v2\/pages\/2334\/revisions"}],"predecessor-version":[{"id":4677,"href":"https:\/\/bucknergt.org\/index.php\/wp-json\/wp\/v2\/pages\/2334\/revisions\/4677"}],"wp:attachment":[{"href":"https:\/\/bucknergt.org\/index.php\/wp-json\/wp\/v2\/media?parent=2334"}],"curies":[{"name":"wp","href":"https:\/\/api.w.org\/{rel}","templated":true}]}}